(-8).
6
Let i(z) = -z**2 - 3868*z + 19383. Determine i(5).
18
Let k(y) = -144544*y + 1590000. Determine k(11).
16
Let m(c) = c**3 + 29*c**2 + 4364*c + 101857. What is m(-24)?
1
Let z(b) = 691*b - 53820. Determine z(78).
78
Let h(m) = -4*m**3 + 26*m**2 - 34*m - 6. Calculate h(3).
18
Let r(u) = 1066*u + 192936. Determine r(-181).
-10
Let j(g) = 244*g**2 - 9279*g + 241. What is j(38)?
-25
Let b(h) = -h**2 + 1461*h - 64440. Determine b(46).
650
Let s(q) = -q**3 + 58*q**2 - 778*q - 94. What is s(37)?
-131
Let d(s) = -3*s**2 + 431*s + 112859. Give d(-135).
-1
Let r(d) = -28*d**3 - 3054*d**2 - 230*d - 1305. Calculate r(-109).
3
Let y(i) = 6*i**3 - 844*i**2 - 277*i + 99. Calculate y(141).
804
Let m(g) = -46*g - 6391. What is m(-153)?
647
Let f(u) = 5*u**2 + 1312*u + 181. Calculate f(0).
181
Let k(m) = 5*m**2 - 225*m + 622. Give k(43).
192
Let l(w) = -7*w**3 - 27*w**2 + 112*w + 756. Calculate l(-8).
1716
Let k(c) = c**3 + 174*c**2 - 1559*c + 16077. Determine k(-183).
-27
Let d(h) = 195104*h + 3511879. Calculate d(-18).
7
Let d(m) = -m**3 + 9*m**2 + 81*m - 4042. What is d(-15)?
143
Let b(c) = 28*c**2 + 151*c - 725. Give b(3).
-20
Let x(s) = -3*s**3 + 291*s**2 + 7*s - 1809. Give x(97).
-1130
Let z(u) = -4*u**3 + 660*u**2 + 18*u - 3012. Give z(165).
-42
Let b(n) = 4*n**3 + 57*n**2 + 67*n + 47. What is b(-13)?
21
Let h(i) = -125*i + 1026. What is h(12)?
-474
Let m(x) = 19936*x - 3787836. Calculate m(190).
4
Let p(s) = 4*s**2 + 346*s - 4058. Calculate p(-97).
16
Let c(i) = 26971*i - 809130. Calculate c(30).
0
Let u(h) = 2*h**2 + 203*h + 4896. What is u(-63)?
45
Let z(v) = v**3 + 51*v**2 - 7025*v - 2054. What is z(-113)?
93
Let s(o) = 787*o - 34864. Calculate s(44).
-236
Let d(a) = 21*a**2 - 452*a - 76. What is d(22)?
144
Let x(b) = 2*b**3 - 260*b**2 - 5990*b + 12. Determine x(-20).
-188
Let w(d) = 216*d + 3048. Calculate w(-16).
-408
Let q(g) = -g**3 + 171*g**2 - 193*g + 3894. Determine q(170).
-16
Let f(k) = -7*k**2 - 333*k + 123213. Calculate f(111).
3
Let q(d) = -411*d - 536. Calculate q(-1).
-125
Let z(o) = -948*o + 7552. What is z(7)?
916
Let r(b) = -b**3 - 148*b**2 - 5378*b + 577. Determine r(-84).
745
Let h(i) = -48*i**2 - 9994*i - 2073. Determine h(-208).
7
Let w(q) = -18*q**3 - 232*q**2 - 20*q - 552. What is w(-13)?
46
Let b(z) = -1151*z - 43093. Determine b(-35).
-2808
Let d(f) = 8*f**2 - 18353*f - 55057. Determine d(-3).
74
Let f(o) = 12*o**3 + 32*o**2 + 80*o + 256. Calculate f(-3).
-20
Let g(s) = -s**3 + 3006*s**2 - 605214*s + 2788. Calculate g(2789).
-1
Let n(b) = 10512*b + 126137. Determine n(-12).
-7
Let v(o) = 158*o**2 - 3155*o + 14342. Determine v(7).
-1
Let p(s) = 279*s + 15623. Give p(-57).
-280
Let t(q) = -4*q**3 - 628*q**2 - 1873*q - 7. Determine t(-3).
68
Let z(h) = h**2 + 2392*h + 63877. Determine z(-27).
22
Let z(d) = d**3 - 5*d**2 - 144*d - 401. What is z(-7)?
19
Let m(s) = -94*s + 33996. Give m(363).
-126
Let a(f) = -10*f**3 + 673*f**2 - 3275*f + 44. What is a(62)?
726
Let g(k) = -3*k - 1948. Give g(31).
-2041
Let y(v) = -11*v**2 - 352*v - 3041. What is y(-18)?
-269
Let d(a) = 13*a**2 - 1638*a - 23106. Determine d(139).
385
Let s(a) = 13*a**2 + 85*a - 5740. Give s(18).
2
Let c(r) = 13*r**3 - 78*r**2 + 231*r - 1397. What is c(6)?
-11
Let h(x) = 3*x**3 + 47*x**2 + 1056*x + 3664. Calculate h(-4).
0
Let g(m) = -3*m**3 + 2*m**2 - 129*m + 962. Calculate g(8).
-1478
Let r(h) = -h**3 - 24*h**2 + 161*h + 4475. Give r(-22).
-35
Let m(p) = -p**3 - 253*p**2 + 466*p - 11216. Determine m(-255).
4
Let s(i) = 145*i**2 - 2609*i - 41. Give s(18).
-23
Let s(o) = o**3 + 128*o**2 + 249*o - 345. Determine s(-126).
33
Let k(x) = 262*x**3 + 23*x**2 + 47*x + 19. What is k(-2)?
-2079
Let l(q) = 12*q**2 - 5777*q + 29021. Give l(5).
436
Let v(o) = -481*o - 7326. Determine v(-16).
370
Let t(k) = 3*k**3 + 58*k**2 + 85*k + 227. What is t(-18)?
-7
Let i(k) = -43*k**2 - 5094*k + 15274. Determine i(3).
-395
Let j(v) = -239*v + 3395. What is j(15)?
-190
Let t(r) = -83*r**3 + 64*r**2 - 14*r - 50. Calculate t(-3).
2809
Let o(f) = -1092*f + 1521180. What is o(1393)?
24
Let t(y) = -7*y**2 + 2535*y - 2539. Give t(1).
-11
Let j(n) = -68667*n - 51637581. What is j(-752)?
3
Let o(r) = 157*r + 32789. What is o(-204)?
761
Let g(d) = 13*d**2 - 2652*d - 214403. Give g(266).
-7
Let h(s) = -60*s**2 - 6965*s + 98. Calculate h(-116).
678
Let d(g) = -135*g**2 + 64*g + 280. Give d(-5).
-3415
Let v(q) = -234*q**2 - 3543*q - 250. Give v(-15).
245
Let p(t) = 1193*t - 6392. Calculate p(5).
-427
Let m(i) = 85*i - 4622. Determine m(50).
-372
Let p(i) = -3*i**3 + 7257*i**2 - 99*i + 239481. What is p(2419)?
0
Let x(v) = -1094*v + 152050. Determine x(139).
-16
Let c(i) = -219*i + 1738. Determine c(7).
205
Let h(d) = 69*d**2 + 716*d - 64. What is h(-7)?
-1695
Let h(i) = i**3 + 14*i**2 - 82*i + 10. Give h(-16).
810
Let v(g) = -2*g**3 - 103*g**2 + 827*g - 409. Calculate v(7).
-353
Let u(m) = -858759*m + 4293802. Determine u(5).
7
Let v(r) = -2*r**3 - 25*r**2 + 831*r + 2665. What is v(-3)?
1
Let j(w) = -2*w**3 + 19*w**2 - 52*w - 2238. Determine j(-8).
418
Let v(l) = 162336*l - 486927. Calculate v(3).
81
Let q(n) = n**2 + 187*n - 3172. What is q(16)?
76
Let v(j) = j**3 + 49*j**2 - 2476*j + 48. What is v(-80)?
-272
Let i(w) = -25*w - 991. Determine i(29).
-1716
Let h(c) = c**3 - 29*c**2 - 47*c + 1160. What is h(23)?
-3095
Let o(d) = -6473*d - 1974. What is o(-1)?
4499
Let c(b) = 4428*b - 1062705. Give c(240).
15
Let w(g) = 3674*g + 128824. Determine w(-35).
234
Let s(w) = -28108*w + 11664827. What is s(415)?
7
Let s(p) = -4816*p + 187859. Give s(39).
35
Let s(f) = 9*f**2 - 279*f - 2126. What is s(-6)?
-128
Let g(k) = k**2 - 558*k + 69545. Give g(187).
168
Let b(h) = 883*h - 185548. What is b(210)?
-118
Let l(n) = n**2 - 311*n - 562. Determine l(312).
-250
Let l(x) = -3076741*x + 27690658. Calculate l(9).
-11
Let p(g) = -2*g**2 - 39*g + 1437. What is p(-40)?
-203
Let w(m) = -m**3 - 683*m**2 - 2118*m - 53033. Calculate w(-680).
7
Let c(a) = 51139*a - 7261744. Determine c(142).
-6
Let u(p) = p**3 - 169*p**2 + 29*p + 50931. Give u(167).
-4
Let s(y) = 341837*y + 2392866. Calculate s(-7).
7
Let i(w) = 63*w + 1297. What is i(-11)?
604
Let c(u) = u**3 - 2*u**2 - 138*u + 665. What is c(8)?
-55
Let c(t) = -2*t**3 - 217*t**2 + 340*t + 1160. Calculate c(-110).
60
Let d(a) = -14356*a - 172296. What is d(-12)?
-24
Let d(c) = 2*c**3 + 23*c**2 + 124*c + 1225. Determine d(-11).
-18
Let l(d) = -3*d**3 - 84*d**2 + 1063*d - 576. Give l(9).
0
Let h(x) = -x**3 + 409*x**2 - 32116*x - 484. Determine h(303).
122
Let d(u) = -4*u**2 + 164*u - 625. Determine d(4).
-33
Let s(j) = 3*j**3 - 257*j**2 + 636*j + 2329. Determine s(83).
5
Let n(c) = -c**3 - 162*c**2 + 1531*c + 296166. Determine n(-160).
6
Let q(h) = -1585789*h + 7928935. Give q(5).
-10
Let k(y) = y**3 - 66*y**2 + 694*y + 2690. Give k(-3).
-13
Let x(d) = 64*d + 25276. What is x(-395)?
-4
Let s(h) = 4386*h + 8699. Calculate s(-2).
-73
Let q(l) = -12513*l + 12519. What is q(1)?
6
Let a(l) = -l**3 + 3*l**2 - 7*l - 36. Give a(5).
-121
Let h(m) = -2*m**3 - 112*m**2 + 103*m - 7475. What is h(-58)?
7
Let z(g) = 10*g**2 - 1392*g - 879. Give z(140).
241
Let q(b) = -3*b**3 - 781*b**2 + 526*b + 1012. Determine q(-261).
-32
Let d(f) = -24*f**2 + 85*f - 199. Give d(4).
-243
Let p(h) = -5680*h**2 + 181762*h - 70. Determine p(32).
-6
Let a(f) = -f**3 - 791*f**2 + 45652*f - 1182. What is a(54)?
6
Let i(b) = 45*b**2 - 530*b - 149. What is i(16)?
2891
Let i(q) = -3*q**3 - 25*q**2 - 10. What is i(-8)?
-74
Let u(v) = v**3 + 298*v**2 + 88*v + 26252. Give u(-298).
28
Let c(i) = -34518*i + 621343. Give c(18).
19
Let x(a) = -29*a**2 + 27901*a - 55797. What is x(2)?
-111
Let b(m) = m**2 - 480*m - 100970. What is b(638)?
-166
Let p(i) = -i**2 + 2889*i - 859960. What is p(337)?
64
Let v(o) = -14*o**3 + 295*o**2 - 30*o + 64. What is v(21)?
-125
Let s(k) = -15294*k - 76518. Determine s(-5).
-48
Let t(u) = -1570*u + 28266. What is t(18)?
6
Let o(x) = 182003*x + 910043. Determine o(-5).
28
Let m(p) = -796853*p + 1593719. Determine m(2).
13
Let j(b) = b**3 + 72*b**2 + 18*b - 43. Calculate j(0).
-43
Let g(x) = -x**3 - 573*x**2 - 54692*x - 15. Calculate g(-452).
-15
Let n(g) = 66*g - 1. Give n(-9).
-595
Let v(h) = -33*h**2 - 3323*h + 1056. Give v(-101).
46
Let h(o) = 48900*o - 244313. Determine h